he millions digit of 12248859?
2
What is the tens digit of 781958?
5
What is the hundred thousands digit of 729161?
7
What is the tens digit of 6940097?
9
What is the ten thousands digit of 42189?
4
What is the thousands digit of 183046?
3
What is the ten thousands digit of 854283?
5
What is the hundreds digit of 1513333?
3
What is the units digit of 15123872?
2
What is the tens digit of 557185?
8
What is the ten thousands digit of 295297?
9
What is the thousands digit of 188380?
8
What is the thousands digit of 2274243?
4
What is the millions digit of 2377381?
2
What is the hundred thousands digit of 7216681?
2
What is the thousands digit of 1608014?
8
What is the ten thousands digit of 24333?
2
What is the hundred thousands digit of 10737910?
7
What is the units digit of 17130191?
1
What is the millions digit of 7926025?
7
What is the hundreds digit of 1832033?
0
What is the tens digit of 670279?
7
What is the hundred thousands digit of 266846?
2
What is the hundreds digit of 552168?
1
What is the ten millions digit of 10978202?
1
What is the tens digit of 1164582?
8
What is the ten thousands digit of 2125479?
2
What is the tens digit of 1080410?
1
What is the units digit of 37373?
3
What is the hundreds digit of 26479286?
2
What is the hundred thousands digit of 1533026?
5
What is the millions digit of 29457574?
9
What is the hundred thousands digit of 478069?
4
What is the millions digit of 4710631?
4
What is the thousands digit of 1201322?
1
What is the hundreds digit of 25558818?
8
What is the millions digit of 3539155?
3
What is the hundreds digit of 255150?
1
What is the tens digit of 559524?
2
What is the hundreds digit of 5401531?
5
What is the units digit of 1725968?
8
What is the units digit of 272954?
4
What is the hundreds digit of 455721?
7
What is the tens digit of 2862619?
1
What is the hundred thousands digit of 20581097?
5
What is the hundreds digit of 950434?
4
What is the hundreds digit of 2312941?
9
What is the ten millions digit of 15860716?
1
What is the tens digit of 1681527?
2
What is the units digit of 4051609?
9
What is the tens digit of 331772?
7
What is the hundreds digit of 239351?
3
What is the tens digit of 3228577?
7
What is the thousands digit of 15952319?
2
What is the ten thousands digit of 60300?
6
What is the tens digit of 957567?
6
What is the millions digit of 31519577?
1
What is the units digit of 266974?
4
What is the thousands digit of 850232?
0
What is the thousands digit of 1092109?
2
What is the hundreds digit of 1657375?
3
What is the millions digit of 11071379?
1
What is the hundred thousands digit of 821191?
8
What is the thousands digit of 5769793?
9
What is the thousands digit of 321758?
1
What is the hundred thousands digit of 324506?
3
What is the thousands digit of 290103?
0
What is the thousands digit of 7564041?
4
What is the millions digit of 8614271?
8
What is the thousands digit of 801084?
1
What is the hundreds digit of 1802561?
5
What is the millions digit of 6346443?
6
What is the ten millions digit of 15609260?
1
What is the millions digit of 2906485?
2
What is the millions digit of 2352367?
2
What is the ten thousands digit of 358849?
5
What is the hundred thousands digit of 461654?
4
What is the thousands digit of 398929?
8
What is the hundreds digit of 181443?
4
What is the millions digit of 3974119?
3
What is the units digit of 920293?
3
What is the thousands digit of 399165?
9
What is the tens digit of 170430?
3
What is the units digit of 196472?
2
What is the thousands digit of 5713164?
3
What is the tens digit of 26857335?
3
What is the ten thousands digit of 12658648?
5
What is the tens digit of 3884099?
9
What is the millions digit of 7104692?
7
What is the tens digit of 313183?
8
What is the thousands digit of 17340635?
0
What is the hundreds digit of 354950?
9
What is the units digit of 336770?
0
What is the units digit of 41476?
6
What is the tens digit of 17398171?
7
What is the units digit of 296569?
9
What is the tens digit of 186550?
5
What is the thousands digit of 357093?
7
What is the ten thousands digit of 1266638?
6
What is the units digit of 5085712?
2
What is the thousands digit of 110703?
0
What is the millions digit of 28038521?
8
What is the tens digit of 502503?
0
What is the tens digit of 287470?
7
What is the hundred thousands digit of 410933?
4
What is the ten thousands digit of 4655511?
5
What is the hundreds digit of 38336510?
5
What is the tens digit of 1314074?
7
What is the hundred thousands digit of 228618?
2
What is the hundred thousands digit of 2788893?
7
What is the hundred thousands digit of 388490?
3
What is the hundreds digit of 6854388?
3
What is the units digit of 1032824?
4
What is the thousands digit of 63848?
3
What is the ten thousands digit of 251427?
5
What is the hundred thousands digit of 8512512?
5
What is the tens digit of 7529?
2
What is the hundreds digit of 715653?
6
What is the hundred thousands digit of 3847651?
8
What is the millions digit of 1171614?
1
What is the units digit of 433938?
8
What is the ten thousands digit of 35629?
3
What is the units digit of 75623?
3
What is the hundreds digit of 933448?
4
What is the thousands digit of 114835?
4
What is the tens digit of 13918?
1
What is the units digit of 549344?
4
What is the tens digit of 16412953?
5
What is the ten thousands digit of 4050181?
5
What is the ten thousands digit of 854281?
5
What is the ten thousands digit of 2792697?
9
What is the tens digit of 3259777?
7
What is the tens digit of 229087?
8
What is the hundred thousands digit of 865672?
8
What is the ten millions digit of 27304292?
2
What is the ten thousands digit of 930924?
3
What is the thousands digit of 561839?
1
What is the ten thousands digit of 173253?
7
What is the millions digit of 2488529?
2
What is the tens digit of 116627?
2
What is the hundreds digit of 201226?
2
What is the hundreds digit of 3797749?
7
What is the thousands digit of 5400002?
0
What is the tens digit of 2632?
3
What is the hundreds digit of 13899234?
2
What is the hundred thousands digit of 927444?
9
What is the hundreds digit of 832946?
9
What is the thousands digit of 5665273?
5
What is the hundreds digit of 226167?
1
What is the hundreds digit of 233469?
4
What is the tens digit of 288048?
4
What is the hundred thousands digit of 1315000?
3
What is the hundred thousands digit of 766211?
7
What is the hundreds digit of 307154?
1
What is the thousands digit of 107130?
7
What is the tens digit of 1138384?
8
What is the ten thousands digit of 134198?
3
What is the thousands digit of 438090?
8
What is the ten millions digit of 26513565?
2
What is the thousands digit of 4105878?
5
What is the units digit of 660275?
5
What is the tens digit of 215130?
3
What is the hundred thousands digit of 12571012?
5
What is the tens digit of 7758443?
4
What is the hundreds digit of 20010492?
4
What is the thousands digit of 213058?
3
What is the units digit of 814274?
4
What is the tens digit of 1220873?
7
What is the ten thousands digit of 172447?
7
What is the hundreds digit of 392107?
1
What is the tens digit of 13096134?
3
What is the tens digit of 1591162?
6
What is the ten thousands digit of 643165?
4
What is the hundreds digit of 15935579?
5
What is the thousands digit of 459074?
9
What is the hundred thousands digit of 44161299?
1
What is the thousands digit of 2664362?
4
What is the hundred thousands digit of 163597?
1
What is the millions digit of 5999480?
5
What is the thousands digit of 27014577?
4
What is the ten thousands digit of 4430737?
3
What is the thousands digit of 86489?
6
What is the thousands digit of 15305448?
5
What is the hundred thousands digit of 3849078?
8
What is the tens digit of 995703?
0
What is the tens digit of 92363?
6
What is the hundreds digit of 7483632?
6
What is the units digit of 25794?
4
What is the thousands digit of 823293?
3
What is the hundreds digit of 14696?
6
What is the thousands digit of 3522459?
2
What is the hundred thousands digit of 5497442?
4
What is the ten millions digit of 14646040?
1
What is the thousands digit of 362688?
2
What is the ten thousands digit of 56474?
5
What is the units digit of 5452463?
3
What is the thousands digit of 1836441?
6
What is the units digit o